{"id":44,"date":"2021-11-06T14:20:22","date_gmt":"2021-11-06T14:20:22","guid":{"rendered":"http:\/\/gresbud.net\/?page_id=44"},"modified":"2025-02-26T16:37:34","modified_gmt":"2025-02-26T16:37:34","slug":"gresbud-2","status":"publish","type":"page","link":"https:\/\/gresbud.net\/","title":{"rendered":"Gresbud budownictwo transport us\u0142ugi"},"content":{"rendered":"\t\t<div data-elementor-type=\"wp-page\" data-elementor-id=\"44\" class=\"elementor elementor-44\">\n\t\t\t\t\t\t<section class=\"elementor-section elementor-top-section elementor-element elementor-element-fd7f025 elementor-section-boxed elementor-section-height-default elementor-section-height-default\" data-id=\"fd7f025\" data-element_type=\"section\">\n\t\t\t\t\t\t<div class=\"elementor-container elementor-column-gap-default\">\n\t\t\t\t\t<div class=\"elementor-column elementor-col-100 elementor-top-column elementor-element elementor-element-17e409e\" data-id=\"17e409e\" data-element_type=\"column\">\n\t\t\t<div class=\"elementor-widget-wrap elementor-element-populated\">\n\t\t\t\t\t\t<section class=\"elementor-section elementor-inner-section elementor-element elementor-element-728e6b3 elementor-section-boxed elementor-section-height-default elementor-section-height-default\" data-id=\"728e6b3\" data-element_type=\"section\">\n\t\t\t\t\t\t<div class=\"elementor-container elementor-column-gap-default\">\n\t\t\t\t\t<div class=\"elementor-column elementor-col-33 elementor-inner-column elementor-element elementor-element-ad86339\" data-id=\"ad86339\" data-element_type=\"column\">\n\t\t\t<div class=\"elementor-widget-wrap elementor-element-populated\">\n\t\t\t\t\t\t<div class=\"elementor-element elementor-element-76a5c24 elementor-position-top elementor-widget elementor-widget-image-box\" data-id=\"76a5c24\" data-element_type=\"widget\" data-widget_type=\"image-box.default\">\n\t\t\t\t<div class=\"elementor-widget-container\">\n\t\t\t\t\t<div class=\"elementor-image-box-wrapper\"><figure class=\"elementor-image-box-img\"><a href=\"http:\/\/gresbud.net\/index.php\/oferta\/\" tabindex=\"-1\"><img fetchpriority=\"high\" decoding=\"async\" width=\"2560\" height=\"1920\" src=\"https:\/\/gresbud.net\/wp-content\/uploads\/2024\/02\/IMG_2193-scaled.jpg\" class=\"attachment-full size-full wp-image-609\" alt=\"\" srcset=\"https:\/\/gresbud.net\/wp-content\/uploads\/2024\/02\/IMG_2193-scaled.jpg 2560w, https:\/\/gresbud.net\/wp-content\/uploads\/2024\/02\/IMG_2193-300x225.jpg 300w, https:\/\/gresbud.net\/wp-content\/uploads\/2024\/02\/IMG_2193-1024x768.jpg 1024w, https:\/\/gresbud.net\/wp-content\/uploads\/2024\/02\/IMG_2193-768x576.jpg 768w, https:\/\/gresbud.net\/wp-content\/uploads\/2024\/02\/IMG_2193-1536x1152.jpg 1536w, https:\/\/gresbud.net\/wp-content\/uploads\/2024\/02\/IMG_2193-2048x1536.jpg 2048w\" sizes=\"(max-width: 2560px) 100vw, 2560px\" \/><\/a><\/figure><div class=\"elementor-image-box-content\"><h3 class=\"elementor-image-box-title\"><a href=\"http:\/\/gresbud.net\/index.php\/oferta\/\">Budownictwo<\/a><\/h3><p class=\"elementor-image-box-description\">Kompleksowa budowa dom\u00f3w<br>Hale \u017celbetowe<br>Nowoczesne kompleksy rolnicze<br>Drogi betonowe<br>Modernizacje obiekt\u00f3w rolnych<br>Cze\u015b\u0107 budowlana obiekt\u00f3w <br>magazynowania ziarna<br>Prace ziemne<br>Monta\u017c zbiornik\u00f3w na nawozy p\u0142ynne<\/p><\/div><\/div>\t\t\t\t<\/div>\n\t\t\t\t<\/div>\n\t\t\t\t\t<\/div>\n\t\t<\/div>\n\t\t\t\t<div class=\"elementor-column elementor-col-33 elementor-inner-column elementor-element elementor-element-4bdbb12\" data-id=\"4bdbb12\" data-element_type=\"column\">\n\t\t\t<div class=\"elementor-widget-wrap elementor-element-populated\">\n\t\t\t\t\t\t<div class=\"elementor-element elementor-element-c943985 elementor-position-top elementor-widget elementor-widget-image-box\" data-id=\"c943985\" data-element_type=\"widget\" data-widget_type=\"image-box.default\">\n\t\t\t\t<div class=\"elementor-widget-container\">\n\t\t\t\t\t<div class=\"elementor-image-box-wrapper\"><figure class=\"elementor-image-box-img\"><a href=\"http:\/\/gresbud.net\/index.php\/oferta\/\" tabindex=\"-1\"><img decoding=\"async\" width=\"2560\" height=\"1440\" src=\"https:\/\/gresbud.net\/wp-content\/uploads\/2021\/11\/MKHP0705-scaled.jpg\" class=\"attachment-full size-full wp-image-252\" alt=\"\" srcset=\"https:\/\/gresbud.net\/wp-content\/uploads\/2021\/11\/MKHP0705-scaled.jpg 2560w, https:\/\/gresbud.net\/wp-content\/uploads\/2021\/11\/MKHP0705-300x169.jpg 300w, https:\/\/gresbud.net\/wp-content\/uploads\/2021\/11\/MKHP0705-1024x576.jpg 1024w, https:\/\/gresbud.net\/wp-content\/uploads\/2021\/11\/MKHP0705-768x432.jpg 768w, https:\/\/gresbud.net\/wp-content\/uploads\/2021\/11\/MKHP0705-1536x864.jpg 1536w, https:\/\/gresbud.net\/wp-content\/uploads\/2021\/11\/MKHP0705-2048x1152.jpg 2048w\" sizes=\"(max-width: 2560px) 100vw, 2560px\" \/><\/a><\/figure><div class=\"elementor-image-box-content\"><h3 class=\"elementor-image-box-title\"><a href=\"http:\/\/gresbud.net\/index.php\/oferta\/\">Transport<\/a><\/h3><p class=\"elementor-image-box-description\">Transport maszyn budowlanych<br>Transport maszyn g\u00f3rniczych <br>Transport maszyn rolnych <br>Sprzeda\u017c z transportem kruszyw <br>budowlanych, ozdobnych itp.<br>Transport towar\u00f3w na naczepach<br>z pod\u0142og\u0105 p\u0142ask\u0105 d\u0142ugo\u015bci 13,6m<br>Sprzeda\u017c paliw z dostaw\u0105<\/p><\/div><\/div>\t\t\t\t<\/div>\n\t\t\t\t<\/div>\n\t\t\t\t\t<\/div>\n\t\t<\/div>\n\t\t\t\t<div class=\"elementor-column elementor-col-33 elementor-inner-column elementor-element elementor-element-a0ed44f\" data-id=\"a0ed44f\" data-element_type=\"column\">\n\t\t\t<div class=\"elementor-widget-wrap elementor-element-populated\">\n\t\t\t\t\t\t<div class=\"elementor-element elementor-element-e9ea1d7 elementor-position-top elementor-widget elementor-widget-image-box\" data-id=\"e9ea1d7\" data-element_type=\"widget\" data-widget_type=\"image-box.default\">\n\t\t\t\t<div class=\"elementor-widget-container\">\n\t\t\t\t\t<div class=\"elementor-image-box-wrapper\"><figure class=\"elementor-image-box-img\"><a href=\"http:\/\/gresbud.net\/index.php\/oferta\/\" tabindex=\"-1\"><img decoding=\"async\" width=\"2560\" height=\"1920\" src=\"https:\/\/gresbud.net\/wp-content\/uploads\/2024\/02\/IMG_3728-scaled.jpg\" class=\"attachment-full size-full wp-image-622\" alt=\"\" srcset=\"https:\/\/gresbud.net\/wp-content\/uploads\/2024\/02\/IMG_3728-scaled.jpg 2560w, https:\/\/gresbud.net\/wp-content\/uploads\/2024\/02\/IMG_3728-300x225.jpg 300w, https:\/\/gresbud.net\/wp-content\/uploads\/2024\/02\/IMG_3728-1024x768.jpg 1024w, https:\/\/gresbud.net\/wp-content\/uploads\/2024\/02\/IMG_3728-768x576.jpg 768w, https:\/\/gresbud.net\/wp-content\/uploads\/2024\/02\/IMG_3728-1536x1152.jpg 1536w, https:\/\/gresbud.net\/wp-content\/uploads\/2024\/02\/IMG_3728-2048x1536.jpg 2048w\" sizes=\"(max-width: 2560px) 100vw, 2560px\" \/><\/a><\/figure><div class=\"elementor-image-box-content\"><h3 class=\"elementor-image-box-title\"><a href=\"http:\/\/gresbud.net\/index.php\/oferta\/\">Us\u0142ugi<\/a><\/h3><p class=\"elementor-image-box-description\">Koparko\u0142adowarka<br>Wywrotki Scania 8x6 <br>Koparki g\u0105sienicowe <br>Koparki ko\u0142owe <br>\u0141adowarki teleskopowe<br>Podno\u015bniki <br>\u0141adowarki ko\u0142owe <br><\/p><\/div><\/div>\t\t\t\t<\/div>\n\t\t\t\t<\/div>\n\t\t\t\t\t<\/div>\n\t\t<\/div>\n\t\t\t\t\t<\/div>\n\t\t<\/section>\n\t\t\t\t\t<\/div>\n\t\t<\/div>\n\t\t\t\t\t<\/div>\n\t\t<\/section>\n\t\t\t\t<\/div>\n\t\t","protected":false},"excerpt":{"rendered":"<p>Budownictwo Kompleksowa budowa dom\u00f3wHale \u017celbetoweNowoczesne kompleksy rolniczeDrogi betonoweModernizacje obiekt\u00f3w rolnychCze\u015b\u0107 budowlana obiekt\u00f3w magazynowania ziarnaPrace ziemneMonta\u017c zbiornik\u00f3w na nawozy p\u0142ynne Transport Transport maszyn budowlanychTransport maszyn g\u00f3rniczych Transport maszyn rolnych Sprzeda\u017c z transportem kruszyw budowlanych, ozdobnych itp.Transport towar\u00f3w na naczepachz pod\u0142og\u0105 p\u0142ask\u0105 d\u0142ugo\u015bci 13,6mSprzeda\u017c paliw z dostaw\u0105 Us\u0142ugi Koparko\u0142adowarkaWywrotki Scania 8&#215;6 Koparki&hellip;<\/p>\n","protected":false},"author":1,"featured_media":0,"parent":0,"menu_order":0,"comment_status":"closed","ping_status":"closed","template":"template-pagebuilder.php","meta":{"footnotes":""},"class_list":["post-44","page","type-page","status-publish","hentry"],"yoast_head":"<!-- This site is optimized with the Yoast SEO plugin v24.5 - https:\/\/yoast.com\/wordpress\/plugins\/seo\/ -->\n<title>Gresbud budownictwo transport us\u0142ugi -<\/title>\n<meta name=\"description\" content=\"GRESBUD Budownictwo Transport Us\u0142ugi zajmuje si\u0119: budow\u0105 hali, przechowalni, magazyn\u00f3w, wyburzenia, robotami ziemnymi, us\u0142ugami transportowymi (laweta, platformy 13.6m, wywrotki) us\u0142ugi sprz\u0119towe, prace wodoci\u0105gowe, drena\u017ce.\" \/>\n<meta name=\"robots\" content=\"index, follow, max-snippet:-1, max-image-preview:large, max-video-preview:-1\" \/>\n<link rel=\"canonical\" href=\"https:\/\/gresbud.net\/\" \/>\n<meta property=\"og:locale\" content=\"pl_PL\" \/>\n<meta property=\"og:type\" content=\"article\" \/>\n<meta property=\"og:title\" content=\"gresbudnet\" \/>\n<meta property=\"og:description\" content=\"GRESBUD Budownictwo Transport Us\u0142ugi zajmuje si\u0119: budow\u0105 hali, przechowalni, magazyn\u00f3w, wyburzenia, robotami ziemnymi, us\u0142ugami transportowymi (laweta, platformy 13.6m, wywrotki) us\u0142ugi sprz\u0119towe, prace wodoci\u0105gowe, drena\u017ce.\" \/>\n<meta property=\"og:url\" content=\"https:\/\/gresbud.net\/\" \/>\n<meta property=\"article:modified_time\" content=\"2025-02-26T16:37:34+00:00\" \/>\n<meta property=\"og:image\" content=\"http:\/\/gresbud.net\/wp-content\/uploads\/2024\/02\/IMG_2193-scaled.jpg\" \/>\n<meta name=\"twitter:card\" content=\"summary_large_image\" \/>\n<meta name=\"twitter:label1\" content=\"Szacowany czas czytania\" \/>\n\t<meta name=\"twitter:data1\" content=\"1 minuta\" \/>\n<script type=\"application\/ld+json\" class=\"yoast-schema-graph\">{\"@context\":\"https:\/\/schema.org\",\"@graph\":[{\"@type\":\"WebPage\",\"@id\":\"https:\/\/gresbud.net\/\",\"url\":\"https:\/\/gresbud.net\/\",\"name\":\"Gresbud budownictwo transport us\u0142ugi -\",\"isPartOf\":{\"@id\":\"https:\/\/gresbud.net\/#website\"},\"primaryImageOfPage\":{\"@id\":\"https:\/\/gresbud.net\/#primaryimage\"},\"image\":{\"@id\":\"https:\/\/gresbud.net\/#primaryimage\"},\"thumbnailUrl\":\"http:\/\/gresbud.net\/wp-content\/uploads\/2024\/02\/IMG_2193-scaled.jpg\",\"datePublished\":\"2021-11-06T14:20:22+00:00\",\"dateModified\":\"2025-02-26T16:37:34+00:00\",\"description\":\"GRESBUD Budownictwo Transport Us\u0142ugi zajmuje si\u0119: budow\u0105 hali, przechowalni, magazyn\u00f3w, wyburzenia, robotami ziemnymi, us\u0142ugami transportowymi (laweta, platformy 13.6m, wywrotki) us\u0142ugi sprz\u0119towe, prace wodoci\u0105gowe, drena\u017ce.\",\"breadcrumb\":{\"@id\":\"https:\/\/gresbud.net\/#breadcrumb\"},\"inLanguage\":\"pl-PL\",\"potentialAction\":[{\"@type\":\"ReadAction\",\"target\":[\"https:\/\/gresbud.net\/\"]}]},{\"@type\":\"ImageObject\",\"inLanguage\":\"pl-PL\",\"@id\":\"https:\/\/gresbud.net\/#primaryimage\",\"url\":\"http:\/\/gresbud.net\/wp-content\/uploads\/2024\/02\/IMG_2193-scaled.jpg\",\"contentUrl\":\"http:\/\/gresbud.net\/wp-content\/uploads\/2024\/02\/IMG_2193-scaled.jpg\"},{\"@type\":\"BreadcrumbList\",\"@id\":\"https:\/\/gresbud.net\/#breadcrumb\",\"itemListElement\":[{\"@type\":\"ListItem\",\"position\":1,\"name\":\"Strona g\u0142\u00f3wna\",\"item\":\"https:\/\/gresbud.net\/\"},{\"@type\":\"ListItem\",\"position\":2,\"name\":\"gresbud budownictwo transport us\u0142ugi\"}]},{\"@type\":\"WebSite\",\"@id\":\"https:\/\/gresbud.net\/#website\",\"url\":\"https:\/\/gresbud.net\/\",\"name\":\"\",\"description\":\"Budownictwo Transport Us\u0142ugi\",\"publisher\":{\"@id\":\"https:\/\/gresbud.net\/#organization\"},\"potentialAction\":[{\"@type\":\"SearchAction\",\"target\":{\"@type\":\"EntryPoint\",\"urlTemplate\":\"https:\/\/gresbud.net\/?s={search_term_string}\"},\"query-input\":{\"@type\":\"PropertyValueSpecification\",\"valueRequired\":true,\"valueName\":\"search_term_string\"}}],\"inLanguage\":\"pl-PL\"},{\"@type\":\"Organization\",\"@id\":\"https:\/\/gresbud.net\/#organization\",\"name\":\"Gresbud budownictwo transport us\u0142ugi\",\"url\":\"https:\/\/gresbud.net\/\",\"logo\":{\"@type\":\"ImageObject\",\"inLanguage\":\"pl-PL\",\"@id\":\"https:\/\/gresbud.net\/#\/schema\/logo\/image\/\",\"url\":\"http:\/\/gresbud.net\/wp-content\/uploads\/2021\/11\/gresbud.png\",\"contentUrl\":\"http:\/\/gresbud.net\/wp-content\/uploads\/2021\/11\/gresbud.png\",\"width\":340,\"height\":340,\"caption\":\"Gresbud budownictwo transport us\u0142ugi\"},\"image\":{\"@id\":\"https:\/\/gresbud.net\/#\/schema\/logo\/image\/\"}}]}<\/script>\n<!-- \/ Yoast SEO plugin. -->","yoast_head_json":{"title":"Gresbud budownictwo transport us\u0142ugi -","description":"GRESBUD Budownictwo Transport Us\u0142ugi zajmuje si\u0119: budow\u0105 hali, przechowalni, magazyn\u00f3w, wyburzenia, robotami ziemnymi, us\u0142ugami transportowymi (laweta, platformy 13.6m, wywrotki) us\u0142ugi sprz\u0119towe, prace wodoci\u0105gowe, drena\u017ce.","robots":{"index":"index","follow":"follow","max-snippet":"max-snippet:-1","max-image-preview":"max-image-preview:large","max-video-preview":"max-video-preview:-1"},"canonical":"https:\/\/gresbud.net\/","og_locale":"pl_PL","og_type":"article","og_title":"gresbudnet","og_description":"GRESBUD Budownictwo Transport Us\u0142ugi zajmuje si\u0119: budow\u0105 hali, przechowalni, magazyn\u00f3w, wyburzenia, robotami ziemnymi, us\u0142ugami transportowymi (laweta, platformy 13.6m, wywrotki) us\u0142ugi sprz\u0119towe, prace wodoci\u0105gowe, drena\u017ce.","og_url":"https:\/\/gresbud.net\/","article_modified_time":"2025-02-26T16:37:34+00:00","og_image":[{"url":"http:\/\/gresbud.net\/wp-content\/uploads\/2024\/02\/IMG_2193-scaled.jpg","type":"","width":"","height":""}],"twitter_card":"summary_large_image","twitter_misc":{"Szacowany czas czytania":"1 minuta"},"schema":{"@context":"https:\/\/schema.org","@graph":[{"@type":"WebPage","@id":"https:\/\/gresbud.net\/","url":"https:\/\/gresbud.net\/","name":"Gresbud budownictwo transport us\u0142ugi -","isPartOf":{"@id":"https:\/\/gresbud.net\/#website"},"primaryImageOfPage":{"@id":"https:\/\/gresbud.net\/#primaryimage"},"image":{"@id":"https:\/\/gresbud.net\/#primaryimage"},"thumbnailUrl":"http:\/\/gresbud.net\/wp-content\/uploads\/2024\/02\/IMG_2193-scaled.jpg","datePublished":"2021-11-06T14:20:22+00:00","dateModified":"2025-02-26T16:37:34+00:00","description":"GRESBUD Budownictwo Transport Us\u0142ugi zajmuje si\u0119: budow\u0105 hali, przechowalni, magazyn\u00f3w, wyburzenia, robotami ziemnymi, us\u0142ugami transportowymi (laweta, platformy 13.6m, wywrotki) us\u0142ugi sprz\u0119towe, prace wodoci\u0105gowe, drena\u017ce.","breadcrumb":{"@id":"https:\/\/gresbud.net\/#breadcrumb"},"inLanguage":"pl-PL","potentialAction":[{"@type":"ReadAction","target":["https:\/\/gresbud.net\/"]}]},{"@type":"ImageObject","inLanguage":"pl-PL","@id":"https:\/\/gresbud.net\/#primaryimage","url":"http:\/\/gresbud.net\/wp-content\/uploads\/2024\/02\/IMG_2193-scaled.jpg","contentUrl":"http:\/\/gresbud.net\/wp-content\/uploads\/2024\/02\/IMG_2193-scaled.jpg"},{"@type":"BreadcrumbList","@id":"https:\/\/gresbud.net\/#breadcrumb","itemListElement":[{"@type":"ListItem","position":1,"name":"Strona g\u0142\u00f3wna","item":"https:\/\/gresbud.net\/"},{"@type":"ListItem","position":2,"name":"gresbud budownictwo transport us\u0142ugi"}]},{"@type":"WebSite","@id":"https:\/\/gresbud.net\/#website","url":"https:\/\/gresbud.net\/","name":"","description":"Budownictwo Transport Us\u0142ugi","publisher":{"@id":"https:\/\/gresbud.net\/#organization"},"potentialAction":[{"@type":"SearchAction","target":{"@type":"EntryPoint","urlTemplate":"https:\/\/gresbud.net\/?s={search_term_string}"},"query-input":{"@type":"PropertyValueSpecification","valueRequired":true,"valueName":"search_term_string"}}],"inLanguage":"pl-PL"},{"@type":"Organization","@id":"https:\/\/gresbud.net\/#organization","name":"Gresbud budownictwo transport us\u0142ugi","url":"https:\/\/gresbud.net\/","logo":{"@type":"ImageObject","inLanguage":"pl-PL","@id":"https:\/\/gresbud.net\/#\/schema\/logo\/image\/","url":"http:\/\/gresbud.net\/wp-content\/uploads\/2021\/11\/gresbud.png","contentUrl":"http:\/\/gresbud.net\/wp-content\/uploads\/2021\/11\/gresbud.png","width":340,"height":340,"caption":"Gresbud budownictwo transport us\u0142ugi"},"image":{"@id":"https:\/\/gresbud.net\/#\/schema\/logo\/image\/"}}]}},"_links":{"self":[{"href":"https:\/\/gresbud.net\/index.php\/wp-json\/wp\/v2\/pages\/44","targetHints":{"allow":["GET"]}}],"collection":[{"href":"https:\/\/gresbud.net\/index.php\/wp-json\/wp\/v2\/pages"}],"about":[{"href":"https:\/\/gresbud.net\/index.php\/wp-json\/wp\/v2\/types\/page"}],"author":[{"embeddable":true,"href":"https:\/\/gresbud.net\/index.php\/wp-json\/wp\/v2\/users\/1"}],"replies":[{"embeddable":true,"href":"https:\/\/gresbud.net\/index.php\/wp-json\/wp\/v2\/comments?post=44"}],"version-history":[{"count":52,"href":"https:\/\/gresbud.net\/index.php\/wp-json\/wp\/v2\/pages\/44\/revisions"}],"predecessor-version":[{"id":686,"href":"https:\/\/gresbud.net\/index.php\/wp-json\/wp\/v2\/pages\/44\/revisions\/686"}],"wp:attachment":[{"href":"https:\/\/gresbud.net\/index.php\/wp-json\/wp\/v2\/media?parent=44"}],"curies":[{"name":"wp","href":"https:\/\/api.w.org\/{rel}","templated":true}]}}